late the remainder when c is divided by 7.
6
Let m(h) be the third derivative of h**6/120 - h**5/30 + h**4/6 - h**3/3 - 2*h**2. Suppose -2*k - 4 = -10. Calculate the remainder when m(k) is divided by 7.
5
Let u be 144/(-14) + (-2)/(-7). Let s be 1/3 + u/(-6). What is the remainder when 8 is divided by (6/9)/(s/9)?
2
Let m = -14 - -41. Suppose -5*v - m = -87. Calculate the remainder when 33 is divided by v.
9
Let z(y) = y**2 - 3*y + 3. Suppose -6*v + 2*v + 2*u + 160 = 0, -5*v = -3*u - 201. Calculate the remainder when v is divided by z(-3).
18
Let y = -16 + 23. Calculate the remainder when 26 is divided by y.
5
Suppose 5*a - 27 - 38 = 0. Let s = 51 - 28. What is the remainder when s is divided by a?
10
Suppose 0 = -r - y + 6, -4*y + 12 = -0. Suppose 4*a - m - 12 = r*a, 0 = 5*a - m - 40. Let o = a - -4. What is the remainder when o is divided by 6?
5
Suppose 2*m = 5*a + 83, -125 = -4*m - a - 14. Calculate the remainder when m is divided by 15.
14
Let u(h) = h**2 + 6*h - 4. Let b be u(-7). Suppose 5*o + 16 = 6. Calculate the remainder when 5 is divided by b + 0 - (-2)/o.
1
Calculate the remainder when 6*4/(-8) + 14 is divided by 7.
4
Let h be (-1)/4*10*-2. Suppose -3*c + h + 19 = 0. Let w = 0 - -22. What is the remainder when w is divided by c?
6
Let d(u) = -32*u - 15 + 15. Calculate the remainder when d(-2) is divided by 22.
20
Let c(k) = 4 - k + 0 + 15 - 5. What is the remainder when c(9) is divided by 3?
2
Let j = 43 - 15. Suppose 3*g = 3*o - 5*o + j, -4*g - 5*o = -49. Suppose 0 = -x - p + 14, -2*p - 52 = -g*x + 3*x. What is the remainder when x is divided by 6?
4
Suppose 3*w + w = -b + 972, 3*w + 4*b - 742 = 0. What is the remainder when w is divided by 61?
59
Let o(l) = l**3 + 5*l**2 - l. Let j be o(-5). Calculate the remainder when 50 is divided by (-16)/(-40) - (-83)/j.
16
Let p = 1209 - 736. What is the remainder when p is divided by 14?
11
Suppose -2*t = -3*m - 81, 55 - 2 = t - 4*m. Calculate the remainder when t is divided by 18.
15
Suppose -4*y + c + 0*c = -34, 2*y - 2*c = 20. Calculate the remainder when 45 is divided by y.
5
Suppose -4*y + 3 = 7, 2*y = b - 69. Let w(i) = -4*i + 3. Calculate the remainder when b is divided by w(-5).
21
Let z = -2 + 6. Let s(q) = 4*q**3 - 3*q**2 + 3*q - 1. Let a be s(2). Calculate the remainder when a/2*12/15 is divided by z.
2
Let n(j) = 3*j**2 + j + 6. Calculate the remainder when n(-3) is divided by 18.
12
Calculate the remainder when 29 is divided by -4 + 14 - 4 - (-1)/(-1).
4
Let w = 1 - -3. Suppose 0 = -4*g + 3*d + w, 2*g - 5*d = g + 1. Calculate the remainder when 1 - (-20 - (g + -3)) is divided by 11.
8
What is the remainder when 13 is divided by (0 - (-32)/10)/((-4)/(-10))?
5
What is the remainder when 4/((-2 - (-52)/12) + -2) is divided by 5?
2
Let o be (-26)/(-8) + (-4)/16. Let w = 6 - o. Let k(j) = 16*j + 2. What is the remainder when k(w) is divided by 17?
16
What is the remainder when 59 is divided by 16 + (-3 - 0 - -2)?
14
Let z(x) = -14*x + 31. Calculate the remainder when z(-17) is divided by 54.
53
Let v be (6 - 0)/((-3)/2). Let a(k) = -4*k + 2. Let m be a(v). Calculate the remainder when 37 is divided by 6*-1*(-30)/m.
7
Let i be (1 + 0)/((-9)/(-18)). Suppose -b + 2*b + 94 = s, -i*s = b - 173. Calculate the remainder when s is divided by 23.
20
Suppose 6*o - 67 = 29. Suppose -2*g + 88 - 28 = 0. Calculate the remainder when g is divided by o.
14
Let o be ((-8)/(-10))/(1/(-20)). Let n = -10 - o. What is the remainder when 11 is divided by n?
5
Let d(b) = -b + 10. What is the remainder when 14 is divided by d(5)?
4
Let t(w) = w + 29. What is the remainder when t(18) is divided by 6?
5
Suppose -10*k = -5*g - 8*k + 43, -2*g - 2*k = -6. Let i = 47 + -28. Calculate the remainder when i is divided by g.
5
Suppose 0*i + 145 = 5*i. What is the remainder when i is divided by 16?
13
Let l = 4 - 3. Let w be ((-225)/27)/(l/(-9)). Let t = 125 - w. What is the remainder when t is divided by 17?
16
Suppose 3*m = w + 13, -2*w + 2*m = 3*w. Let l = w - -1. What is the remainder when 8 is divided by l?
2
Let i = 26 - 12. Suppose 144 = 4*l + 5*g, -4*g + g - 12 = 0. What is the remainder when l is divided by i?
13
Suppose 5*o = -5 - 10. Let k be (-12)/2 + (-1 - -1). What is the remainder when 74 is divided by o - (-25 + k + 3)?
24
Let i(q) = 2 + 6*q - 14 + 0. Suppose -5*z = 4*b - 49, -2*z + 5*b + 6 + 7 = 0. Calculate the remainder when i(z) is divided by 22.
20
Suppose i = -2*m + 12, i + 3*i - 2*m = 88. What is the remainder when i is divided by 6?
2
Suppose -2*m + 1 + 24 = 5*o, 2*m - 2*o - 18 = 0. Let q = 165 + -118. Calculate the remainder when q is divided by m.
7
Let r(v) = v**2 + 12 - 2*v - 4*v - 2*v. Let q be r(8). Suppose 3*l - 5 = -i + 5, 5*l + 4*i - q = 0. What is the remainder when l is divided by 2?
0
Let b(u) = u**3 - 4*u**2 - 4*u. Let r be b(5). Suppose 4*n - 61 = -r*l, n = 3*l + 6*n - 34. Calculate the remainder when 49 is divided by l.
10
Let v(y) = -y + 11. Let f be v(7). Suppose -50 - 30 = -f*a. What is the remainder when a is divided by 11?
9
Let x(d) = -d**3 - d**2 + 18. Suppose -159 = -0*k - 3*k. Calculate the remainder when k is divided by x(0).
17
Suppose -4*q + 3*j + 492 = 0, -q - 352 = -4*q - 2*j. Suppose 2*b + q = 5*b. What is the remainder when b is divided by 21?
19
Let f(k) = -k**3 - 5*k**2 - 2*k - 6. Let w = 3 - 8. Let q be f(w). Suppose -q*o = -97 + 13. Calculate the remainder when o is divided by 11.
10
Suppose 5*w = 3*w. Let p be (-3)/(w - 6)*0. Suppose 0 = -p*k - k + 14. Calculate the remainder when 27 is divided by k.
13
Suppose -q - 3*q + 428 = 0. Suppose r - 4*r = -s - q, -s = -4*r + 141. Calculate the remainder when r is divided by (5/10)/((-2)/(-48)).
10
Suppose 0 = -3*j + 9. Suppose 5*y - 13 = -j. Suppose y*l = l + 10. What is the remainder when 19 is divided by l?
9
Let k(z) = 2*z**3 - 3*z - 4. What is the remainder when k(3) is divided by 22?
19
Suppose 143 + 82 = 5*c. Suppose 5*w - c + 5 = 0. Let u = -29 - -44. What is the remainder when u is divided by w?
7
Let j(y) = -y**3 - y + 56. Let d = -12 - -12. What is the remainder when j(d) is divided by 29?
27
Let q be 2/6 + 1/(-3). Calculate the remainder when 57 is divided by 15 + q/(6/(-2)).
12
Let r(p) = p**2 - 11*p + 2. Let t be r(11). Suppose 5*z - 5*b = 120, -5*z + 0*b + 120 = -t*b. What is the remainder when z is divided by 9?
6
What is the remainder when ((-385)/(-21))/((-3)/(-9)) is divided by 7?
6
Let b be (-6)/4*16/(-6). Suppose 2*u = -t + 48, u - b*u - 48 = -t. What is the remainder when t is divided by 17?
14
Suppose 3*p + 23 = 122. Calculate the remainder when p is divided by 18.
15
Let g(y) = y**2 - 4*y. What is the remainder when 30 is divided by g(-2)?
6
Let r be (-5*2 - -1)*-3. Suppose -r = -2*w - w. Suppose -8*g + 60 = -4*g. Calculate the remainder when g is divided by w.
6
Let x(m) = m. Suppose 7 + 18 = 5*h. What is the remainder when 13 is divided by x(h)?
3
Let p = -19 - -63. Suppose -3*z + p = -73. Calculate the remainder when z is divided by 21.
18
Let f(q) = 3*q**3 + q**2 - 2*q + 4. What is the remainder when f(2) is divided by 10?
8
Let z be 1/((-2)/(-6)) - 0. What is the remainder when 32 - -1 - (z - 2) is divided by 17?
15
Let f = -4 - -10. Let t = -4 + f. Let l(c) = -c**3 + 15*c**2 - 13*c - 13. What is the remainder when t is divided by l(14)?
0
Let j(k) = k + 3. Let p be j(2). Suppose 3*b + 2*u - 67 = -3*u, 0 = -p*u + 25. Calculate the remainder when 26 is divided by b.
12
Suppose -3*l - l + g = -188, -4*g = 5*l - 214. Let y(s) = s**2 + 8*s - 4. Calculate the remainder when l is divided by y(-10).
14
Let l = 11 + -9. Suppose -l*i + 0*i = -38. Calculate the remainder when 37 is divided by i.
18
Suppose 3*o + 3*t = 336, 3*o + 5*t = 8*t + 348. What is the remainder when o is divided by 17?
12
Let c(r) = 7*r**2 + 2*r + 3. Let y be c(-2). Suppose -5*a + 26 - 6 = 0. Suppose y = -w + a*w. Calculate the remainder when 34 is divided by w.
7
Let c = 202 + -66. What is the remainder when c is divided by 46?
44
Let z be (0 - -4)*(-25)/10. Let c = 18 + z. What is the remainder when 23 is divided by c?
7
Suppose 4 - 34 = -3*f. What is the remainder when f is divided by 3?
1
Calculate the remainder when 17 is divided by 2/8 - 279/(-36).
1
Let l(w) = w**3 + 8*w**2 + 3*w - 7. Let b be l(-5). Let s = b 